[INFO] cloning repository https://github.com/asmoaesl/keycrypt
[INFO] running `Command { std: "git" "-c" "credential.helper=" "-c" "credential.helper=/workspace/cargo-home/bin/git-credential-null" "clone" "--bare" "https://github.com/asmoaesl/keycrypt" "/workspace/cache/git-repos/https%3A%2F%2Fgithub.com%2Fasmoaesl%2Fkeycrypt", kill_on_drop: false }`
[INFO] [stderr] Cloning into bare repository '/workspace/cache/git-repos/https%3A%2F%2Fgithub.com%2Fasmoaesl%2Fkeycrypt'...
[INFO] running `Command { std: "git" "rev-parse" "HEAD", kill_on_drop: false }`
[INFO] [stdout] 9c78c499b14d06d9cb4bfd46cdaaf6450607c7c8
[INFO] checking asmoaesl/keycrypt against master#e6e4f7ed1589e03bc2f6c5931c1a72e7947e8682 for beta-170-4
[INFO] running `Command { std: "git" "clone" "/workspace/cache/git-repos/https%3A%2F%2Fgithub.com%2Fasmoaesl%2Fkeycrypt" "/workspace/builds/worker-3-tc2/source", kill_on_drop: false }`
[INFO] [stderr] Cloning into '/workspace/builds/worker-3-tc2/source'...
[INFO] [stderr] done.
[INFO] validating manifest of git repo https://github.com/asmoaesl/keycrypt on toolchain e6e4f7ed1589e03bc2f6c5931c1a72e7947e8682
[INFO] running `Command { std: CARGO_HOME="/workspace/cargo-home" RUSTUP_HOME="/workspace/rustup-home" "/workspace/cargo-home/bin/cargo" "+e6e4f7ed1589e03bc2f6c5931c1a72e7947e8682" "metadata" "--manifest-path" "Cargo.toml" "--no-deps", kill_on_drop: false }`
[INFO] started tweaking git repo https://github.com/asmoaesl/keycrypt
[INFO] finished tweaking git repo https://github.com/asmoaesl/keycrypt
[INFO] tweaked toml for git repo https://github.com/asmoaesl/keycrypt written to /workspace/builds/worker-3-tc2/source/Cargo.toml
[INFO] crate git repo https://github.com/asmoaesl/keycrypt already has a lockfile, it will not be regenerated
[INFO] running `Command { std: CARGO_HOME="/workspace/cargo-home" RUSTUP_HOME="/workspace/rustup-home" "/workspace/cargo-home/bin/cargo" "+e6e4f7ed1589e03bc2f6c5931c1a72e7947e8682" "fetch" "--manifest-path" "Cargo.toml", kill_on_drop: false }`
[INFO] running `Command { std: "docker" "create" "-v" "/var/lib/crater-agent-workspace/builds/worker-3-tc2/target:/opt/rustwide/target:rw,Z" "-v" "/var/lib/crater-agent-workspace/builds/worker-3-tc2/source:/opt/rustwide/workdir:ro,Z" "-v" "/var/lib/crater-agent-workspace/cargo-home:/opt/rustwide/cargo-home:ro,Z" "-v" "/var/lib/crater-agent-workspace/rustup-home:/opt/rustwide/rustup-home:ro,Z" "-e" "SOURCE_DIR=/opt/rustwide/workdir" "-e" "CARGO_TARGET_DIR=/opt/rustwide/target" "-e" "CARGO_HOME=/opt/rustwide/cargo-home" "-e" "RUSTUP_HOME=/opt/rustwide/rustup-home" "-w" "/opt/rustwide/workdir" "-m" "1610612736" "--user" "0:0" "--network" "none" "ghcr.io/rust-lang/crates-build-env/linux@sha256:19e73879b68f455e41552ea35293514db52ea292d993f571636dbffedb77a1ee" "/opt/rustwide/cargo-home/bin/cargo" "+e6e4f7ed1589e03bc2f6c5931c1a72e7947e8682" "metadata" "--no-deps" "--format-version=1", kill_on_drop: false }`
[INFO] [stdout] d2615e32d550aab26c169343f647f14c2565e0134ae235945d360d5609bf1f11
[INFO] running `Command { std: "docker" "start" "-a" "d2615e32d550aab26c169343f647f14c2565e0134ae235945d360d5609bf1f11", kill_on_drop: false }`
[INFO] running `Command { std: "docker" "inspect" "d2615e32d550aab26c169343f647f14c2565e0134ae235945d360d5609bf1f11", kill_on_drop: false }`
[INFO] running `Command { std: "docker" "rm" "-f" "d2615e32d550aab26c169343f647f14c2565e0134ae235945d360d5609bf1f11", kill_on_drop: false }`
[INFO] [stdout] d2615e32d550aab26c169343f647f14c2565e0134ae235945d360d5609bf1f11
[INFO] running `Command { std: "docker" "create" "-v" "/var/lib/crater-agent-workspace/builds/worker-3-tc2/target:/opt/rustwide/target:rw,Z" "-v" "/var/lib/crater-agent-workspace/builds/worker-3-tc2/source:/opt/rustwide/workdir:ro,Z" "-v" "/var/lib/crater-agent-workspace/cargo-home:/opt/rustwide/cargo-home:ro,Z" "-v" "/var/lib/crater-agent-workspace/rustup-home:/opt/rustwide/rustup-home:ro,Z" "-e" "SOURCE_DIR=/opt/rustwide/workdir" "-e" "CARGO_TARGET_DIR=/opt/rustwide/target" "-e" "CARGO_INCREMENTAL=0" "-e" "RUST_BACKTRACE=full" "-e" "RUSTFLAGS=--cap-lints=forbid" "-e" "RUSTDOCFLAGS=--cap-lints=forbid" "-e" "CARGO_HOME=/opt/rustwide/cargo-home" "-e" "RUSTUP_HOME=/opt/rustwide/rustup-home" "-w" "/opt/rustwide/workdir" "-m" "1610612736" "--user" "0:0" "--network" "none" "ghcr.io/rust-lang/crates-build-env/linux@sha256:19e73879b68f455e41552ea35293514db52ea292d993f571636dbffedb77a1ee" "/opt/rustwide/cargo-home/bin/cargo" "+e6e4f7ed1589e03bc2f6c5931c1a72e7947e8682" "check" "--frozen" "--all" "--all-targets" "--message-format=json", kill_on_drop: false }`
[INFO] [stdout] d2505c214f52b08caa85e94fd0ced85363e0f410442760629efb9833606a6ba6
[INFO] running `Command { std: "docker" "start" "-a" "d2505c214f52b08caa85e94fd0ced85363e0f410442760629efb9833606a6ba6", kill_on_drop: false }`
[INFO] [stderr]     Checking libc v0.2.36
[INFO] [stderr]    Compiling rayon-core v1.3.0
[INFO] [stderr]    Compiling unicode-xid v0.0.4
[INFO] [stderr]     Checking scopeguard v0.3.3
[INFO] [stderr]     Checking either v1.4.0
[INFO] [stderr]     Checking unicode-width v0.1.4
[INFO] [stderr]     Checking lazy_static v0.2.11
[INFO] [stderr]     Checking ansi_term v0.10.2
[INFO] [stderr]     Checking strsim v0.6.0
[INFO] [stderr]     Checking bitflags v1.0.1
[INFO] [stderr]     Checking vec_map v0.8.0
[INFO] [stderr]    Compiling quote v0.3.15
[INFO] [stderr]    Compiling synom v0.11.3
[INFO] [stderr]     Checking coco v0.1.1
[INFO] [stderr]     Checking textwrap v0.9.0
[INFO] [stderr]    Compiling syn v0.11.11
[INFO] [stderr]     Checking num_cpus v1.8.0
[INFO] [stderr]     Checking atty v0.2.6
[INFO] [stderr]     Checking rand v0.3.20
[INFO] [stderr]     Checking rand v0.4.2
[INFO] [stderr]     Checking clap v2.29.2
[INFO] [stderr]     Checking rayon v0.9.0
[INFO] [stderr]    Compiling structopt-derive v0.1.6
[INFO] [stderr]     Checking structopt v0.1.6
[INFO] [stderr]     Checking keycrypt v2.0.0 (/opt/rustwide/workdir)
[INFO] [stdout] error[E0635]: unknown feature `vec_remove_item`
[INFO] [stdout]  --> src/main.rs:1:12
[INFO] [stdout]   |
[INFO] [stdout] 1 | #![feature(vec_remove_item)]
[INFO] [stdout]   |            ^^^^^^^^^^^^^^^
[INFO] [stdout] 
[INFO] [stdout] 
[INFO] [stdout] error[E0635]: unknown feature `vec_remove_item`
[INFO] [stdout]  --> src/main.rs:1:12
[INFO] [stdout]   |
[INFO] [stdout] 1 | #![feature(vec_remove_item)]
[INFO] [stdout]   |            ^^^^^^^^^^^^^^^
[INFO] [stdout] 
[INFO] [stdout] 
[INFO] [stdout] error[E0599]: no method named `remove_item` found for struct `Vec<&String>` in the current scope
[INFO] [stdout]    --> src/main.rs:106:38
[INFO] [stdout]     |
[INFO] [stdout] 106 |                         possibilites.remove_item(&possibility);
[INFO] [stdout]     |                                      ^^^^^^^^^^^ help: there is a method with a similar name: `remove`
[INFO] [stdout] 
[INFO] [stdout] 
[INFO] [stdout] error[E0599]: no method named `remove_item` found for struct `Vec<&String>` in the current scope
[INFO] [stdout]    --> src/main.rs:106:38
[INFO] [stdout]     |
[INFO] [stdout] 106 |                         possibilites.remove_item(&possibility);
[INFO] [stdout]     |                                      ^^^^^^^^^^^ help: there is a method with a similar name: `remove`
[INFO] [stdout] 
[INFO] [stdout] 
[INFO] [stdout] error[E0599]: no method named `remove_item` found for struct `Vec<&String>` in the current scope
[INFO] [stdout]    --> src/main.rs:109:38
[INFO] [stdout]     |
[INFO] [stdout] 109 |                         possibilites.remove_item(&possibility);
[INFO] [stdout]     |                                      ^^^^^^^^^^^ help: there is a method with a similar name: `remove`
[INFO] [stdout] 
[INFO] [stdout] 
[INFO] [stdout] error[E0599]: no method named `remove_item` found for struct `Vec<&String>` in the current scope
[INFO] [stdout]    --> src/main.rs:109:38
[INFO] [stdout]     |
[INFO] [stdout] 109 |                         possibilites.remove_item(&possibility);
[INFO] [stdout]     |                                      ^^^^^^^^^^^ help: there is a method with a similar name: `remove`
[INFO] [stdout] 
[INFO] [stdout] 
[INFO] [stdout] error: aborting due to 3 previous errors
[INFO] [stdout] 
[INFO] [stdout] 
[INFO] [stdout] Some errors have detailed explanations: E0599, E0635.
[INFO] [stdout] 
[INFO] [stdout] For more information about an error, try `rustc --explain E0599`.
[INFO] [stdout] 
[INFO] [stdout] error: aborting due to 3 previous errors
[INFO] [stdout] 
[INFO] [stdout] 
[INFO] [stdout] Some errors have detailed explanations: E0599, E0635.
[INFO] [stdout] 
[INFO] [stdout] For more information about an error, try `rustc --explain E0599`.
[INFO] [stdout] 
[INFO] [stderr] error: could not compile `keycrypt` (bin "keycrypt" test) due to 4 previous errors
[INFO] [stderr] warning: build failed, waiting for other jobs to finish...
[INFO] [stderr] error: could not compile `keycrypt` (bin "keycrypt") due to 4 previous errors
[INFO] running `Command { std: "docker" "inspect" "d2505c214f52b08caa85e94fd0ced85363e0f410442760629efb9833606a6ba6", kill_on_drop: false }`
[INFO] running `Command { std: "docker" "rm" "-f" "d2505c214f52b08caa85e94fd0ced85363e0f410442760629efb9833606a6ba6", kill_on_drop: false }`
[INFO] [stdout] d2505c214f52b08caa85e94fd0ced85363e0f410442760629efb9833606a6ba6
